late the greatest common divisor of y and x.
9
Suppose 4*k + 0*k = 96. Suppose -2*q + 220 = 4*b - 316, -5*b = -4*q - 644. Calculate the greatest common factor of k and b.
12
Let i = 67 - 43. Let v(k) = -173*k - 7263. Let r be v(-42). What is the greatest common factor of i and r?
3
Suppose -15*x + 5975 = -22240. Calculate the greatest common divisor of 171 and x.
171
Suppose 44*l - 42*l = 4*t - 3448, 3*t - 2575 = -4*l. What is the highest common divisor of t and 1148?
287
Let l(u) be the first derivative of u**4/4 - 7*u**3/3 + 6*u**2 + 26. Let v be l(6). Calculate the highest common divisor of 18 and v.
18
Let z = -423 - -1151. Calculate the greatest common factor of z and 819.
91
Let u be 14/(-6)*36/(-28). Suppose -16 = -4*j, -32*j - 710 = -u*w - 37*j. What is the highest common divisor of 138 and w?
46
Let f(n) = -4041*n - 3975. Let h be f(-6). Calculate the highest common divisor of 58 and h.
29
Suppose -26*a + 22 = -15*a. Let d(f) = 117*f + 67. Let g be d(a). Calculate the highest common factor of 14 and g.
7
Suppose -5*v = 4*r - 2579, -5*v = 2*r - 0*v - 1297. Suppose 5*z + 65 = -2*f + r, -3*z + f = -350. What is the highest common divisor of 29 and z?
29
Suppose 0 = 5*u - 2*n - 32152, 19284 = 3*u - 18*n + 15*n. Calculate the greatest common divisor of 96 and u.
96
Let r be ((-3)/((-3)/50))/1. Let g(j) = -j**3 - 304*j**2 - 18*j - 5462. Let y be g(-304). What is the highest common divisor of y and r?
10
Let k = -470 - -678. Suppose 16*f + k = 17*f. Calculate the highest common divisor of f and 16.
16
Let x be ((-81)/(-12))/((-3)/(-8)*(-8)/(-12)). Let u(c) = -c**3 - 3*c**2 + 2*c + 5. Let t be u(-5). What is the highest common factor of x and t?
9
Let x be 98 + 3202 - (0 - 10). Calculate the highest common factor of x and 10.
10
Suppose 160 - 420 = -13*d. Let w = 1785 + -1055. Calculate the greatest common factor of d and w.
10
Let m = 564 - 157. Let k(i) = i**3 - 8*i**2 - 6*i + 10. Let l be k(9). What is the greatest common factor of l and m?
37
Suppose -13 = -3*q + 3*b + 8, -5*q = b - 41. Suppose 5*c + 71 = -19. Let v = c + 42. What is the highest common factor of q and v?
8
Let k be (-24)/(-16) - 442/(-4). Let c = -108 + k. Suppose -c*d - 1 = -69. Calculate the greatest common divisor of 187 and d.
17
Let d be (-17)/(-4)*(63/(-3) - -1). Let o = -64 - d. What is the highest common factor of 399 and o?
21
Suppose z - 4*z - 2*o = -12, 5*z = 4*o + 42. Suppose -3*i = 45*y - 48*y - 18, -4*y = -3*i + 18. Calculate the highest common divisor of z and i.
6
Suppose -x - 7*c + 74 = -4*c, c + 183 = 2*x. What is the highest common divisor of 3 and x?
1
Let b(w) = -101*w**3 + 6*w**2 - 129*w - 542. Let t be b(-4). Calculate the greatest common factor of 792 and t.
198
Suppose 0 = 4*n - 31 + 51. Let v be ((8 - 9) + 6)*(-738)/n. Calculate the highest common factor of 18 and v.
18
Let l = -152 - -167. Suppose 0 = -3*z + l - 6. Calculate the greatest common divisor of z and 24.
3
Suppose 2*y + 4*q = -q + 3, 3*q = -2*y + 5. Let x be (-60)/(24/(-6)) - y. What is the highest common divisor of 121 and x?
11
Suppose 4*x - 5*x = -1, -2*j = -3*x - 45. Let i(h) = -9*h**3 - 244*h**2 - 35*h - 48. Let f be i(-27). What is the greatest common factor of f and j?
24
Suppose -42 = -o + 2*r, -475 + 363 = -3*o + 4*r. What is the greatest common factor of o and 7588?
28
Suppose -43 = -z + 22. Suppose 3*h - z = -k, 2*k + 15 = 2*h - 23. Let f = 124267 - 124120. Calculate the greatest common divisor of f and h.
21
Let f = 81 + 34. Let l = f - -29. Suppose -23751*i = -23799*i + 4608. Calculate the greatest common factor of i and l.
48
Suppose -5*c = 34*c - 1321 - 707. Let h = 2708 - 1761. Suppose 5*n = h - 297. What is the greatest common factor of n and c?
26
Let v = 29946 + -28394. What is the highest common divisor of v and 12?
4
Let r(m) = -21*m**2 - 1346*m + 186. Let h be r(-53). What is the highest common divisor of h and 115?
115
Let r(u) be the third derivative of -u**6/60 - u**5/30 - 3*u**4/8 + u**3/2 + 4*u**2 + u. Let k be r(-3). What is the greatest common divisor of k and 12?
6
Let d(j) = 1118*j - 2126. Let x be d(4). Calculate the greatest common factor of 92 and x.
46
Suppose -3 = -z - 0*z. Suppose 0 = b - 1 + z. Let r be (6 - -2)/(b - -4). Calculate the greatest common divisor of 32 and r.
4
Let u be (5*1)/((-12)/(-9) - 1). Let z = -6 + u. Suppose -z*s - 2 = -119. What is the highest common divisor of 65 and s?
13
Let a = -13103 + 13502. Calculate the greatest common divisor of a and 456.
57
Suppose 11*o - 5*b + 135 = 16*o, 0 = 5*o + 2*b - 138. Let u be (o + 1 + 3)/2. Suppose -2*m + 7*m - 640 = 0. Calculate the greatest common divisor of m and u.
16
Suppose 77*t + 756 = -84*t + 173*t. Let f(u) = 62*u + 1. Let q be f(1). Calculate the greatest common divisor of q and t.
63
Let g be 71/5 - (-27)/(3375/100). Calculate the highest common factor of g and 168.
3
Suppose -49217 = -9715*j + 9636*j. Calculate the highest common factor of 1691 and j.
89
Suppose -71*r - 45*r - 109 = -2429. What is the highest common factor of r and 1355?
5
Suppose -y + 121 = -2*q, y - 121 = 165*q - 162*q. Calculate the greatest common factor of y and 572.
11
Let h be 10/(-16) - (-26910558)/816. What is the greatest common divisor of 22 and h?
22
Let k be 96/14*(-469)/(-134). Suppose k*z - 4*z = 900. What is the greatest common divisor of z and 144?
9
Let l = -272 - -327. Suppose 3*u + 2*d - l = 0, u - 5*d - 20 - 21 = 0. Calculate the greatest common divisor of u and 3.
3
Let o = -30 + 124. Let b = -90 + o. Suppose b*x - 4 + 0 = -2*s, 3*x = -4*s + 28. Calculate the highest common factor of s and 25.
5
Let i = 37 + 268. Suppose -378*a - 2*s = -382*a + 26, 3*a - 3 = -4*s. What is the highest common divisor of a and i?
5
Let t(h) = 3*h**2 - 2*h + 1. Let b be t(1). Let a(r) = -3*r**3 + 50*r**2 - 110*r - 23. Let x be a(14). Calculate the greatest common divisor of x and b.
1
Let y(w) = w**3 + w**2 - 12*w + 488. Let f be y(0). What is the highest common factor of 8 and f?
8
Suppose -64280 = -39*u + 72493. Suppose u = 18*o - 2289. What is the greatest common divisor of o and 28?
14
Let i = -792 + 815. Calculate the highest common divisor of i and 3.
1
Let o be (1 - 0/(-4))/(4/16). Suppose 2*l = 4*a - 62, -o*l - 32 = -4*a + 20. What is the greatest common divisor of 162 and a?
18
Suppose 0 = 5*x - 844 - 151. Suppose -3*b + x - 46 = 0. Let z = b + -38. Calculate the greatest common factor of 52 and z.
13
Let h = -6843 - -6952. What is the highest common divisor of 981 and h?
109
Let u = 195 - 160. Suppose 2*j = 5*i + j - 718, 4*j = 4*i - 568. Suppose 0 = 2*t - i - 66. Calculate the greatest common divisor of t and u.
35
Let p be (17/(-51))/(2/60). Let d be 10*(1 - p/4). Calculate the greatest common divisor of d and 21.
7
Suppose -37*h + 192 = -21*h. Let b be 2/h - 355/(-30). Let o(a) = 4*a**3 - a. Let j be o(1). Calculate the highest common divisor of j and b.
3
Let y(x) = -13 + 25*x - 9 + 18. Let c be y(1). Suppose 2*g - 105 = -c. Calculate the greatest common factor of 210 and g.
42
Let a = -86 - -86. Suppose 4*l + 159 - 439 = a. Let d = 75 - l. Calculate the highest common divisor of 1 and d.
1
Let a = 35 - 38. Let d be (8*15/a)/((-2)/(-4)). Let k = 25 - d. What is the highest common factor of k and 21?
21
Suppose 33 = -w - 3. Let r be -1 - 13 - (-6 + 8). Let k = r - w. What is the greatest common factor of k and 4?
4
Suppose 1465 = 5*z + 5*c, 5*c = -4*z + 1169 + 4. Let a = z - 276. Calculate the highest common factor of 112 and a.
16
Let p(q) = -q**2 - 19*q + 18. Let i be p(-14). Calculate the highest common factor of i and 297.
11
Suppose -u - 339 = -336, -18*j = 5*u - 1965. Let y = 10 + 12. Calculate the greatest common factor of j and y.
22
Suppose 8*v - 3*v = -2*p + 713, -3*p + 3*v = -1017. Calculate the greatest common divisor of 8 and p.
8
Let h = 109 - 75. Suppose 5*y + 828 = 5*u - 372, -8 = 4*y. What is the greatest common factor of u and h?
34
Let u(o) = -o**2 + 60*o + 67. Let l be u(59). What is the greatest common factor of 336 and l?
42
Suppose -4*t - 2*p = 356, -8*t + 5*t - p - 266 = 0. Let j = 99 + t. Calculate the greatest common factor of j and 451.
11
Suppose 12498*r = 12455*r + 559. Calculate the highest common divisor of 351 and r.
13
Suppose u - 6*v + 4*v = 160, v = -u + 1